{"id":64,"date":"2026-02-20T23:13:10","date_gmt":"2026-02-20T22:13:10","guid":{"rendered":"https:\/\/mi00im.com\/staging\/?page_id=64"},"modified":"2026-03-09T19:24:41","modified_gmt":"2026-03-09T18:24:41","slug":"start","status":"publish","type":"page","link":"https:\/\/mi00im.com\/staging\/","title":{"rendered":"Start"},"content":{"rendered":"<div class=\"et_pb_section_0 et_pb_section et_section_regular et_flex_section preset--group--divi-section--divi-background--jylrxzli5w preset--module--divi-section--default\">\n<div class=\"et_pb_row_0 et_pb_row et_flex_row preset--module--divi-row--cevfdqygsq\">\n<div class=\"et_pb_column_0 et_pb_column et_flex_column et_pb_css_mix_blend_mode_passthrough et_flex_column_12_24 et_flex_column_12_24_tablet et_flex_column_24_24_phone et_flex_column_12_24_widescreen et_flex_column_12_24_ultraWide\">\n<div class=\"et_pb_text_0 et_pb_text et_pb_bg_layout_light et_pb_module et_flex_module preset--module--divi-text--7m0avx4gw2\"><div class=\"et_pb_text_inner\"><h2>Alla kan inte vara m\u00e4stare men vi kan g\u00f6ra det f\u00f6r skojs skull<\/h2>\n<\/div><\/div>\n\n<div class=\"et_pb_text_1 et_pb_text et_pb_bg_layout_light et_pb_module et_flex_module preset--module--divi-text--7m0avx4gw2\"><div class=\"et_pb_text_inner\"><p>Att leta efter en bild i dom sammanhang som passerar \u00e4r en skattjakt som aldrig tar slut d\u00e4r varje bild kanske blir b\u00e4ttre \u00e4n den f\u00f6rra<\/p>\n<\/div><\/div>\n<\/div>\n\n<div class=\"et_pb_column_1 et_pb_column et-last-child et_flex_column et_pb_css_mix_blend_mode_passthrough et_flex_column_12_24 et_flex_column_12_24_tablet et_flex_column_24_24_phone et_flex_column_12_24_widescreen et_flex_column_12_24_ultraWide\">\n<div class=\"et_pb_image_0 et_pb_image et_animated et_pb_module et_flex_module\"><span class=\"et_pb_image_wrap\"><img loading=\"lazy\" decoding=\"async\" src=\"https:\/\/mi00im.com\/staging\/wp-content\/uploads\/2026\/02\/MI0_8184_21444.jpg\" title=\"MI0_8184_21444\" width=\"1723\" height=\"2048\" srcset=\"https:\/\/mi00im.com\/staging\/wp-content\/uploads\/2026\/02\/MI0_8184_21444.jpg 1723w, https:\/\/mi00im.com\/staging\/wp-content\/uploads\/2026\/02\/MI0_8184_21444-1280x1521.jpg 1280w, https:\/\/mi00im.com\/staging\/wp-content\/uploads\/2026\/02\/MI0_8184_21444-980x1165.jpg 980w, https:\/\/mi00im.com\/staging\/wp-content\/uploads\/2026\/02\/MI0_8184_21444-480x571.jpg 480w\" sizes=\"(min-width: 0px) and (max-width: 480px) 480px, (min-width: 481px) and (max-width: 980px) 980px, (min-width: 981px) and (max-width: 1280px) 1280px, (min-width: 1281px) 1723px, 100vw\" class=\"wp-image-69\" \/><\/span><\/div>\n<\/div>\n<\/div>\n<\/div>","protected":false},"excerpt":{"rendered":"","protected":false},"author":1,"featured_media":0,"parent":0,"menu_order":0,"comment_status":"closed","ping_status":"closed","template":"","meta":{"ngg_post_thumbnail":0,"footnotes":""},"class_list":["post-64","page","type-page","status-publish","hentry"],"_links":{"self":[{"href":"https:\/\/mi00im.com\/staging\/wp-json\/wp\/v2\/pages\/64","targetHints":{"allow":["GET"]}}],"collection":[{"href":"https:\/\/mi00im.com\/staging\/wp-json\/wp\/v2\/pages"}],"about":[{"href":"https:\/\/mi00im.com\/staging\/wp-json\/wp\/v2\/types\/page"}],"author":[{"embeddable":true,"href":"https:\/\/mi00im.com\/staging\/wp-json\/wp\/v2\/users\/1"}],"replies":[{"embeddable":true,"href":"https:\/\/mi00im.com\/staging\/wp-json\/wp\/v2\/comments?post=64"}],"version-history":[{"count":7,"href":"https:\/\/mi00im.com\/staging\/wp-json\/wp\/v2\/pages\/64\/revisions"}],"predecessor-version":[{"id":223367,"href":"https:\/\/mi00im.com\/staging\/wp-json\/wp\/v2\/pages\/64\/revisions\/223367"}],"wp:attachment":[{"href":"https:\/\/mi00im.com\/staging\/wp-json\/wp\/v2\/media?parent=64"}],"curies":[{"name":"wp","href":"https:\/\/api.w.org\/{rel}","templated":true}]}}